{"id":90055,"date":"2021-02-24T13:56:22","date_gmt":"2021-02-24T13:56:22","guid":{"rendered":"https:\/\/swissfederalism.ch\/swiss-federalism\/"},"modified":"2021-05-02T10:25:32","modified_gmt":"2021-05-02T10:25:32","slug":"swiss-federalism","status":"publish","type":"page","link":"https:\/\/swissfederalism.ch\/fr\/","title":{"rendered":"Swiss Federalism"},"content":{"rendered":"<div class=\"wpb-content-wrapper\"><p>[vc_row row_height_percent=\u00a0\u00bb0&Prime; overlay_alpha=\u00a0\u00bb50&Prime; gutter_size=\u00a0\u00bb3&Prime; column_width_percent=\u00a0\u00bb100&Prime; shift_y=\u00a0\u00bb0&Prime; z_index=\u00a0\u00bb0&Prime; desktop_visibility=\u00a0\u00bbyes\u00a0\u00bb medium_visibility=\u00a0\u00bbyes\u00a0\u00bb mobile_visibility=\u00a0\u00bbyes\u00a0\u00bb][vc_column width=\u00a0\u00bb1\/1&Prime;][vc_column_text]<\/p>\n<h1><strong>Swiss Federalism<\/strong><\/h1>\n<p>\u00ab\u00a0Swiss Federalism\u00a0\u00bb est une association internationale qui vise \u00e0 promouvoir le mod\u00e8le f\u00e9d\u00e9raliste au niveau mondial.[\/vc_column_text][\/vc_column][\/vc_row]<\/p>\n<\/div>","protected":false},"excerpt":{"rendered":"<p>\u00ab\u00a0Swiss Federalism\u00a0\u00bb \u00e8 una associazione internazionale che si prefigge la promozione a livello globale del modello federativo<\/p>\n","protected":false},"author":1,"featured_media":230836,"parent":0,"menu_order":0,"comment_status":"closed","ping_status":"closed","template":"","meta":{"footnotes":""},"class_list":["post-90055","page","type-page","status-publish","has-post-thumbnail","hentry"],"_links":{"self":[{"href":"https:\/\/swissfederalism.ch\/fr\/wp-json\/wp\/v2\/pages\/90055","targetHints":{"allow":["GET"]}}],"collection":[{"href":"https:\/\/swissfederalism.ch\/fr\/wp-json\/wp\/v2\/pages"}],"about":[{"href":"https:\/\/swissfederalism.ch\/fr\/wp-json\/wp\/v2\/types\/page"}],"author":[{"embeddable":true,"href":"https:\/\/swissfederalism.ch\/fr\/wp-json\/wp\/v2\/users\/1"}],"replies":[{"embeddable":true,"href":"https:\/\/swissfederalism.ch\/fr\/wp-json\/wp\/v2\/comments?post=90055"}],"version-history":[{"count":3,"href":"https:\/\/swissfederalism.ch\/fr\/wp-json\/wp\/v2\/pages\/90055\/revisions"}],"predecessor-version":[{"id":90059,"href":"https:\/\/swissfederalism.ch\/fr\/wp-json\/wp\/v2\/pages\/90055\/revisions\/90059"}],"wp:featuredmedia":[{"embeddable":true,"href":"https:\/\/swissfederalism.ch\/fr\/wp-json\/wp\/v2\/media\/230836"}],"wp:attachment":[{"href":"https:\/\/swissfederalism.ch\/fr\/wp-json\/wp\/v2\/media?parent=90055"}],"curies":[{"name":"wp","href":"https:\/\/api.w.org\/{rel}","templated":true}]}}

<div class="wpb-content-wrapper"><p>[vc_row row_height_percent= »0&Prime; overlay_alpha= »50&Prime; gutter_size= »3&Prime; column_width_percent= »100&Prime; shift_y= »0&Prime; z_index= »0&Prime; desktop_visibility= »yes » medium_visibility= »yes » mobile_visibility= »yes »][vc_column width= »1/1&Prime;][vc_column_text]</p>
<h1><strong>Swiss Federalism</strong></h1>
<p>« Swiss Federalism » est une association internationale qui vise à promouvoir le modèle fédéraliste au niveau mondial.[/vc_column_text][/vc_column][/vc_row]</p>
</div>

<p>« Swiss Federalism » è una associazione internazionale che si prefigge la promozione a livello globale del modello federativo</p>
